 of d?
2, 5
Suppose 391838 + 342258 = -17*x + 114*x. What are the prime factors of x?
2, 11, 43
Suppose -3*b = 2*o - 22715, -20*b + 17*b + 2*o + 22735 = 0. List the prime factors of b.
3, 5, 101
Let u = 198 + -193. Suppose -881 = -2*b - u*x, -376 = -4*b + 3*x + 1451. List the prime factors of b.
3, 151
Suppose 3*y = -2 + 5. Suppose 224*i = 226*i - 8*f + 12, 4 = 3*i - f. List the prime factors of 1/(i/(-6))*(-9)/y.
3
Let a(x) be the second derivative of 6*x**3 - 23*x**2/2 + 21*x. List the prime factors of a(4).
11
Suppose -138004 = -11*d + 80516 + 34392. What are the prime factors of d?
2, 3, 479
Let y(r) be the third derivative of -r**6/120 + r**5/15 + 2*r**4/3 - 8*r**3/3 - r**2. Let o be y(6). Suppose o*t = 12*t - 1004. What are the prime factors of t?
251
Let u be (3 + 5 - -764) + 3. Suppose u = 2*p + 5*a - 1594, 4*p + 3*a - 4759 = 0. List the prime factors of p.
2, 149
Let j(f) = 2115*f**2 + 304*f + 1474. List the prime factors of j(-5).
7, 7547
Suppose 47889 + 51 = -20*h. Let w = h + 3386. What are the prime factors of w?
23, 43
List the prime factors of (-1458170)/(-1680) + 1/24.
2, 7, 31
Suppose -20*p = 2*g - 291190, -32940 = -4*p - 3*g + 25285. What are the prime factors of p?
2, 5, 7, 13
Suppose -3*w + 97 = i, -3*i - 137 + 389 = -4*w. List the prime factors of i.
2, 11
Let a be (-5)/(10/(-3))*2. Suppose 573 = a*x - 3*w, 2*w = -x - 2*w + 211. List the prime factors of x.
3, 5, 13
What are the prime factors of (7 + -8)/((84/12)/(-242123))?
34589
Suppose 13109 = -129*f + 134*f + k, -3*k = 2*f - 5254. List the prime factors of f.
2621
What are the prime factors of ((-70)/(-25))/((-2)/(-1900)) - (-2 - -6)?
2, 83
Suppose l + 6*k - 9*k + 79 = 0, -k - 137 = 2*l. List the prime factors of 3 - (-10)/(l/(-6531)).
2, 3, 13
List the prime factors of (84/(-112) + (-9)/(-4))*4 - -640.
2, 17, 19
Let w(a) = -a**3 + 44*a**2 - 16*a + 21. What are the prime factors of w(32)?
47, 251
Suppose -3*f = -5*w - 42 + 7, -2*f + 25 = -3*w. Suppose 0 = 10*h - 14*h + f. Suppose h*i - 2 = 18. List the prime factors of i.
2
Suppose -6*p + 35*p - 1305 = 0. What are the prime factors of 55785/p + (8/3)/(-4)?
3, 7, 59
Let b(r) = -r**2 - 21*r + 15. Suppose -3*j - 5*d = 2*j - 15, 2*d + 15 = 5*j. Suppose -j*m - 59 = -5. List the prime factors of b(m).
3, 23
Let f(j) = -j**2 - 11*j - 7. Suppose 75 - 31 = -4*m. Let q be f(m). Let h = q + 118. List the prime factors of h.
3, 37
Suppose -4*h - 250 = -3*u, -u = -3*u + 4*h + 164. Suppose -481 = -3*z + u. List the prime factors of z.
3, 7
Suppose -85094 - 321247 = -69*l. What are the prime factors of l?
3, 13, 151
Let h = 1346 + -698. Let g = -62 + 122. What are the prime factors of (-48)/g - h/(-10)?
2
Let i(f) = 8*f + 28. Let z be i(-3). Suppose -z*h = y - 78, 5*h + 465 = 2*y + 3*y. What are the prime factors of y?
2, 3, 5
Let c(m) = -21*m**2 - 2*m - 10. Let q be c(3). Let l = q + 308. List the prime factors of l.
103
Let d(a) = -a**3 + 9*a**2 + 70*a - 1. Let f be d(14). List the prime factors of (f - 18/(-10)) + (-165886)/(-205).
2, 3, 5
Suppose 0 = -65*l + 518253 + 317528 - 234791. List the prime factors of l.
2, 3, 23, 67
List the prime factors of (-4)/(19/((-4430591)/22)).
2, 17, 29, 43
Let n = 38 + -31. Let b(t) = -t**2 + 24*t - 63. List the prime factors of b(n).
2, 7
Let t(p) = 5*p + 127. Let q be t(-25). Suppose -q*l = 3*x - 1402, -5*l = -0*l + 5. List the prime factors of x.
2, 3, 13
Suppose 6*y - 126569 = -2*u - 44139, 5*y = -3*u + 123625. What are the prime factors of u?
2, 5, 103
Suppose -2*h - 873 = 5*c + 230, -3*c = 4*h + 2199. Let o = 2234 + h. What are the prime factors of o?
5, 337
Let k(c) = c**2 - 9*c + 16. Let m be k(3). Let g be (m/6)/(2/6). List the prime factors of 61*(g + 5)/4.
61
Suppose -3*q + 136142 = 3*j + 34778, 4*q = 3*j + 135152. What are the prime factors of q?
2, 8447
List the prime factors of ((-65)/(-39) - 2) + 3/(36/459232).
7, 11, 71
Suppose 0 = -8*h - 16908 + 66356. What are the prime factors of h?
7, 883
Let q be 1/(6/42*1) - 3. Let h(y) = y**3 + 7*y**2 + 7*y + 9. Let r be h(-6). Suppose -r*t - q = -67. List the prime factors of t.
3, 7
Suppose 0 = 3*l, -b - 4*l + 52 = -l. Let j(s) = -13 + b*s + 7*s + 20. What are the prime factors of j(4)?
3
Suppose -3*w - 160 = -19*w. List the prime factors of 2*(-5 - (-1025)/w).
3, 5, 13
Suppose -3*h + 141386 = -y, -45*h - y = -56*h + 518402. What are the prime factors of h?
3, 23, 683
Let t be 3 - 3/(3/(-17)). Suppose 0 = p + p - t. Suppose -8*o = -p*o + 198. List the prime factors of o.
3, 11
Let x(h) = -2*h**3 - 16*h**2 + 82*h - 6. List the prime factors of x(-18).
2, 3, 7, 17
Suppose -2846 = -5*i + 2869. Suppose 9*k - i = 306. What are the prime factors of k?
7, 23
Let k(w) = -9*w - 27. Let t(g) = 2*g**2 + 15*g + 10. Suppose -10*u + 3*u - 42 = 0. Let b be t(u). List the prime factors of k(b).
3, 5
Suppose -56*o + 60*o - 8 = 0. Suppose 3*s = -o*m + 1129, -4*m - 2246 = -8*m - 2*s. What are the prime factors of m?
2, 5, 7
Suppose -5*k + 72047 = -0*k - s, 5*k - 3*s = 72051. Suppose 23*g + 2357 = k. List the prime factors of g.
2, 131
Suppose 3*m = 2*h + 141272, -38*m + 5*h + 235445 = -33*m. List the prime factors of m.
2, 3, 47, 167
Let a = -621 + 623. Suppose a*p - 3363 = -h, -15*p - 4*h = -12*p - 5042. What are the prime factors of p?
2, 29
Let q be 29/8 + (-1)/((-40)/15). Suppose -q*u + 648 = 48. List the prime factors of u.
2, 3, 5
Suppose -2*z - 114 + 22 = 0. Let m = z + 37. Let k(n) = n**2 + 1. List the prime factors of k(m).
2, 41
Suppose 0 = -3*l - 5*d + 13524, -22620 = -5*l - 578*d + 583*d. What are the prime factors of l?
2, 3, 251
Suppose 27*h - 17*h = 54740. Suppose h = -64*w + 71*w. List the prime factors of w.
2, 17, 23
Suppose 943 + 2282 = 5*m. Suppose 4*a + 5*v = 1161, -2*a = -4*v - m + 97. What are the prime factors of a?
2, 71
Let z(x) = -x**3 + 2*x**2 + 3*x + 2. Let q be z(3). Suppose 3*k - 5*k + 1659 = 5*j, -q*k + 1328 = 4*j. List the prime factors of j.
331
Let o(t) = -t**2 + 2*t + 9. Let z be o(-3). Let v be z - 0 - (-1 + -3). What are the prime factors of 187/((3 + v)*(4 - 3))?
11, 17
Let d(i) = 109*i - 117. Let g be d(9). Let z = g + 61. List the prime factors of z.
5, 37
Let o = 4124 + 1295. Suppose -10177 = -28*x + o. List the prime factors of x.
557
Suppose 0 = 24*r - 11*r. Suppose r = -85*p + 91*p - 2280. What are the prime factors of p?
2, 5, 19
Let l = -1330 - -5171. List the prime factors of l.
23, 167
Let s be ((-12)/(-20))/((-2)/40). List the prime factors of (-6)/(-12)*s + 428.
2, 211
Let p be (-2 - -2) + 150/3. Suppose 0 = 5*y - 2*i + p, -y = 3*i + 2*i + 10. Let c = 28 + y. List the prime factors of c.
2, 3
Let c = -18861 + 28512. What are the prime factors of c?
3, 3217
Let c(m) be the second derivative of m**4/12 - 3*m**2 + 20*m. Let r = -53 - -56. What are the prime factors of c(r)?
3
Let s(b) = 25*b**2 - 8*b + 14. Let f be s(7). Let m = -144 + f. What are the prime factors of m?
1039
Suppose -a = -5*v - 1145, 14*a - 10*a - v - 4542 = 0. Suppose g - 138 = -b + 240, 0 = -3*b - 4*g + a. What are the prime factors of b?
13, 29
Suppose 2*h + 3*f + 12 = 5*h, 0 = 5*h - f - 20. Suppose 24 = h*w - w. Let t(a) = -a**3 + 8*a**2 + 11. What are the prime factors of t(w)?
11
Suppose -6*c + 4*c + 42 = 0. Let m = c - 18. Suppose -m*k + 64 = 13. What are the prime factors of k?
17
What are the prime factors of (268281/(-26))/(6/(-8))?
2, 3, 2293
Let s = 19134 + -10628. What are the prime factors of s?
2, 4253
Suppose 5*m - t - 34 = 0, t + 10 = 3*m - 2*m. Let h be (4/m)/((-8)/(-2424)). Let r = h - 135. What are the prime factors of r?
67
Suppose -5*w - 8*w + 26 = 0. Suppose w*z + y + 137 = 0, 3*y + 340 = -2*z - 3*z. Let n = 330 + z. What are the prime factors of n?
7, 37
Suppose -4331 = -3*b - 2*t, -12*b + 13*b = t + 1452. Suppose 4*r - 1231 = -3*a - 382, 0 = 5*a - 4*r - b. What are the prime factors of a?
7, 41
Suppose 923*g = 913*g + 59090. What are the prime factors of g?
19, 311
What are the prime factors of (392/(-6))/(10/(-660))?
2, 7, 11
Suppose 0 = 21*z - 22*z + 3*u + 2172, 2*u = -3*z + 6538. List the prime factors of z.
2, 3, 11
Let s = 86 - 60. Suppose 5*n - m + 262 = 0, -n = 3*m + s + 20. Let t = 9 - n. What are the prime factors of t?
61
Suppose -224 = 5*c - 1714. Let f = -55 + c. List the prime factors of f.
3
Let q 